{"id":4,"date":"2010-01-07T20:30:51","date_gmt":"2010-01-07T20:30:51","guid":{"rendered":"http:\/\/jessicaforsberg.temp.box.se\/?page_id=4"},"modified":"2023-01-24T14:10:16","modified_gmt":"2023-01-24T14:10:16","slug":"cv","status":"publish","type":"page","link":"https:\/\/www.jessicaforsberg.com\/?page_id=4","title":{"rendered":"CV"},"content":{"rendered":"<p><strong><span style=\"font-size: large;\">FILM\/TELEVISION<\/span><\/strong><\/p>\n<p><strong>KNUTBY<\/strong>, TV-serie, Annas mamma, 2021, Goran Kapetanovic\u00b4\/B \u2013 Reel, C More\/TV4<\/p>\n<p><strong>ALMOST MASTERD LIFE <\/strong>Kortfilm, Kvinnan, 2020, Karin Hemming<\/p>\n<p><strong>PARTERAPI<\/strong> TV-serie, Mari &#8211; Psykolog, 2019, Staffan Lindberg, Jarowskij\/TV5<\/p>\n<p><b>HELT PERFEKT <\/b>TV-serie, Malena, 2018, Hallvar Wits\u00f6, itv\/TV5<\/p>\n<p><strong>BECK &#8211; FAMILJEN <\/strong>L\u00e5ngfilm, Jennifer, 2014, M\u00e5rten Klingberg\/Filmlance<\/p>\n<p><strong>KOMMISARIEN OCH HAVET &#8211; J\u00c4RNBR\u00d6LLOPET<\/strong> L\u00e5ngfilm, Charlotte, 2010, Anno Saul\/Network movie<\/p>\n<p><strong>FARSAN<\/strong> L\u00e5ngfilm, Lotta, 2010, Josef Fares\/Memfis film<\/p>\n<p><strong>SVERIGES HISTORIA<\/strong> TV-serie, Heliga Birgitta, 2009, Christian Arnet\/Svea Television<\/p>\n<p><strong>J\u00c4TTEKUL ATT SE DIG<\/strong> Kortfilm, Jessica, 2008, Niklas Holmgren\/Dolly Pictures<\/p>\n<p><strong>SE UPP F\u00d6R D\u00c5RARNA<\/strong> L\u00e5ngfilm, 2007, Sjuksk\u00f6terska, Helena Bergstr\u00f6m, Sweetwater<\/p>\n<p><strong>LABYRINT<\/strong> TV-serie, Granne, 2007, Molly Hartleb\/Svensk Filmindustri, TV4<\/p>\n<p><strong>HARRYS D\u00d6TTRAR<\/strong> L\u00e5ngfilm, Mamma, 2005, Richard Hobert\/GF Studios<\/p>\n<p><strong>HUNDAR OCH ALKOHOL<\/strong> L\u00e5ngfilm, Carina, 2004, Bj\u00f6rn Markusson\/Hyddfilm, The Chimney Pot<\/p>\n<p><strong>SKUGGV\u00c4RLD<\/strong> Kortfilm, Karin, 2004, Niklas Olsson\/R\u00f6de Orm Film<\/p>\n<p><strong>MISA MI <\/strong>L\u00e5ngfilm, Camilla, 2002, Linus Torell\/Sweetwater, Filmhaus Lagn\u00f6<\/p>\n<p><strong>PAPPAS JORDGUBBAR<\/strong> Kortfilm, Nina, 2002, Jens Jonsson\/Dramatiska Institutet<\/p>\n<p><strong>KLASSFESTEN<\/strong> L\u00e5ngfilm, Pia, 2001, Hannes Holm, M\u00e5ns Herngren\/S\/S Fladen Film<\/p>\n<p><strong>T\u00c4NK<\/strong> Novellfilm, Susan, 2001, Niels Jensen\/Anna K Productions, SVT Drama<\/p>\n<p><strong>RESTAURANGEN<\/strong> Kortfilm, 2001 M\u00e5rten Klingberg\/ Dramatiska Institutet<\/p>\n<p><strong>HOTELL SEGER<\/strong> TV-serie, Sjuksk\u00f6terska, 2001\/Kanal 5<\/p>\n<p><strong>DEN GRYMME GUDEN<\/strong> L\u00e5ngfilm, Sarasvati 2000, Johan Olsson\/Eales &amp; Bonis Film<\/p>\n<p><strong><span style=\"font-size: large;\">TEATER<\/span><\/strong><\/p>\n<p><strong>TARTUFFE<\/strong> 2012, Fredrik Hiller\/Mod film &amp; teater<\/p>\n<p><strong>SAGAN OM RIDDAR PARSIFAL<\/strong> 2007-2009, Sven-Arne Svanberg \/Locka production<\/p>\n<p><strong>UNDERVERKET<\/strong> (The re-mohammed-ty show) 2007,\u201dWork-in\u2013progress\u201d \/Alias teatern<\/p>\n<p><strong>R\u00c4TT KURS<\/strong> 2006, Leif Nilsson\/Dalateatern<\/p>\n<p><strong>STAD I V\u00c4RLDEN<\/strong> 2005, Kent Ekberg\/S\u00f6dra Fot<\/p>\n<p><strong>N\u00c4R LILLAN KOM TILL JORDEN<\/strong> 2003-2004, 08 Riksturn\u00e9, Leif Nilsson\/\u00d6stra teatern<\/p>\n<p><strong>BADET<\/strong> 2003, Hans Qvistr\u00f6m\/STA<\/p>\n<p><strong>\u00c4NGLASAMTALEN<\/strong> 2002, Helena Collert\/Studio Lederman<\/p>\n<p><strong>H\u00c4STAR &#8211; en vulg\u00e4r pj\u00e4s<\/strong> 2002, Martin Geijer\/Dramalabbet, Nya Pistolteatern<\/p>\n<p><strong>DROTTNING<\/strong> 2001, Fredrik Berger\/Dramalabbet, Nya Pistolteatern<\/p>\n<p><strong>FLERTAL UPPS\u00c4TTNINGAR<\/strong> 1999-2001, Per Chenon\/Teater Rascal<\/p>\n<p><strong>S\u00c5 SYSTERLIGT<\/strong> 1999, Jan Abrahamsson\/Nya Pistolteatern<\/p>\n<p><strong>DEN SVENSKA HISTORIEN<\/strong> 1994, Andrej Domalewski\/Historiska museet<\/p>\n<p><strong>MOLI\u00c9RE COLLAGE<\/strong> 1993, Gino Samil\/Komediteatern<\/p>\n<p><strong><span style=\"font-size: large;\">UTBILDNING<\/span><\/strong><\/p>\n<p><strong>The Lee Strasberg Theatre Institute<\/strong> 1995-1997\/Los Angeles<\/p>\n<p><strong>Susan Peretz Acting Studio<\/strong> 1996-1997\/Los Angeles<\/p>\n<p><strong>Calle Flygares teaterskola<\/strong> 1991-1993<\/p>\n<p><strong><span style=\"font-size: large;\">WORKSHOP\/FORTBILDNING<\/span><\/strong><\/p>\n<p><strong>Sk\u00e5despelararbete enligt gestaltmetoden<\/strong> 2003, 2004 Marcus Groth<\/p>\n<p><strong>Sk\u00e5despelarens filmiska uttryck<\/strong> 2001, Dramatiska Institutet<\/p>\n<p><strong>Finding voice<\/strong> 2001, 2002 Stephen Rappaport<\/p>\n<p><strong>Acting in front of the camera<\/strong> 1995-1996, Anthony Calderella\/Los Angeles<\/p>\n<p><strong><span style=\"font-size: large;\">F\u00c4RDIGHETER<\/span><\/strong><\/p>\n<p>S\u00e5ng (alt), flytande engelska, k\u00f6rkort, kockutbildning, fotboll, volleyboll, basket, slalom, inlines med mera. Fr\u00e5ga!<\/p>\n","protected":false},"excerpt":{"rendered":"<p>FILM\/TELEVISION KNUTBY, TV-serie, Annas mamma, 2021, Goran Kapetanovic\u00b4\/B \u2013 Reel, C More\/TV4 ALMOST MASTERD LIFE Kortfilm, Kvinnan, 2020, Karin Hemming PARTERAPI TV-serie, Mari &#8211; Psykolog, 2019, Staffan Lindberg, Jarowskij\/TV5 HELT PERFEKT TV-serie, Malena, 2018, Hallvar Wits\u00f6, itv\/TV5 BECK &#8211; FAMILJEN L\u00e5ngfilm, Jennifer, 2014, M\u00e5rten Klingberg\/Filmlance KOMMISARIEN OCH HAVET &#8211; J\u00c4RNBR\u00d6LLOPET L\u00e5ngfilm, Charlotte, 2010, Anno Saul\/Network<\/p><\/div>\n<div class=\"permalink align-center\">\n\t\t\t\t\t\t<a href=\"https:\/\/www.jessicaforsberg.com\/?page_id=4\" class=\"btn btn-default\">Read More<\/a><\/p>\n","protected":false},"author":3,"featured_media":0,"parent":0,"menu_order":20,"comment_status":"open","ping_status":"open","template":"","meta":{"footnotes":""},"_links":{"self":[{"href":"https:\/\/www.jessicaforsberg.com\/index.php?rest_route=\/wp\/v2\/pages\/4"}],"collection":[{"href":"https:\/\/www.jessicaforsberg.com\/index.php?rest_route=\/wp\/v2\/pages"}],"about":[{"href":"https:\/\/www.jessicaforsberg.com\/index.php?rest_route=\/wp\/v2\/types\/page"}],"author":[{"embeddable":true,"href":"https:\/\/www.jessicaforsberg.com\/index.php?rest_route=\/wp\/v2\/users\/3"}],"replies":[{"embeddable":true,"href":"https:\/\/www.jessicaforsberg.com\/index.php?rest_route=%2Fwp%2Fv2%2Fcomments&post=4"}],"version-history":[{"count":34,"href":"https:\/\/www.jessicaforsberg.com\/index.php?rest_route=\/wp\/v2\/pages\/4\/revisions"}],"predecessor-version":[{"id":430,"href":"https:\/\/www.jessicaforsberg.com\/index.php?rest_route=\/wp\/v2\/pages\/4\/revisions\/430"}],"wp:attachment":[{"href":"https:\/\/www.jessicaforsberg.com\/index.php?rest_route=%2Fwp%2Fv2%2Fmedia&parent=4"}],"curies":[{"name":"wp","href":"https:\/\/api.w.org\/{rel}","templated":true}]}}